{"id":39,"date":"2020-01-24T13:06:20","date_gmt":"2020-01-24T13:06:20","guid":{"rendered":"http:\/\/www.copyshop-wuppertal.de\/?page_id=39"},"modified":"2024-09-06T10:14:04","modified_gmt":"2024-09-06T10:14:04","slug":"druck-von-abschlussarbeiten","status":"publish","type":"page","link":"https:\/\/copyshop-wuppertal.de\/index.php\/druck-von-abschlussarbeiten\/","title":{"rendered":"Druck von Abschlussarbeiten"},"content":{"rendered":"\r\n<h1 class=\"wp-block-heading\">Druck von Abschlussarbeiten<\/h1>\r\n<p><img fetchpriority=\"high\" decoding=\"async\" class=\"alignnone wp-image-342 size-full\" src=\"https:\/\/copyshop-wuppertal.de\/wp-content\/uploads\/2020\/06\/xerox-640.png\" alt=\"xerox-640\" width=\"638\" height=\"294\" srcset=\"https:\/\/copyshop-wuppertal.de\/wp-content\/uploads\/2020\/06\/xerox-640.png 638w, https:\/\/copyshop-wuppertal.de\/wp-content\/uploads\/2020\/06\/xerox-640-300x138.png 300w\" sizes=\"(max-width: 638px) 100vw, 638px\" \/><\/p>\r\n<p><img decoding=\"async\" class=\"alignnone  wp-image-343 lazyload\" data-src=\"https:\/\/copyshop-wuppertal.de\/wp-content\/uploads\/2020\/06\/achtung.jpg\" alt=\"achtung\" width=\"28\" height=\"28\" src=\"data:image\/svg+xml;base64,PHN2ZyB3aWR0aD0iMSIgaGVpZ2h0PSIxIiB4bWxucz0iaHR0cDovL3d3dy53My5vcmcvMjAwMC9zdmciPjwvc3ZnPg==\" style=\"--smush-placeholder-width: 28px; --smush-placeholder-aspect-ratio: 28\/28;\" \/>Um die best- und schnellstm\u00f6gliche Verarbeitung gew\u00e4hrleisten zu k\u00f6nnen, empfehlen wir, Ihre Arbeit in Originalform (z. B. Word-Datei) und als pdf-Datei (also beide Dateien) mitzubringen.<\/p>\r\n<p><img decoding=\"async\" class=\"alignnone size-full wp-image-344 lazyload\" data-src=\"https:\/\/copyshop-wuppertal.de\/wp-content\/uploads\/2020\/06\/Umweltzertifikat-100.jpg\" alt=\"Umweltzertifikat-100\" width=\"208\" height=\"300\" src=\"data:image\/svg+xml;base64,PHN2ZyB3aWR0aD0iMSIgaGVpZ2h0PSIxIiB4bWxucz0iaHR0cDovL3d3dy53My5vcmcvMjAwMC9zdmciPjwvc3ZnPg==\" style=\"--smush-placeholder-width: 208px; --smush-placeholder-aspect-ratio: 208\/300;\" \/><\/p>\r\n<p><img decoding=\"async\" class=\"alignnone size-full wp-image-345 lazyload\" data-src=\"https:\/\/copyshop-wuppertal.de\/wp-content\/uploads\/2020\/06\/colorcopy.jpg\" alt=\"colorcopy\" width=\"207\" height=\"268\" src=\"data:image\/svg+xml;base64,PHN2ZyB3aWR0aD0iMSIgaGVpZ2h0PSIxIiB4bWxucz0iaHR0cDovL3d3dy53My5vcmcvMjAwMC9zdmciPjwvc3ZnPg==\" style=\"--smush-placeholder-width: 207px; --smush-placeholder-aspect-ratio: 207\/268;\" \/><\/p>\r\n\r\n\r\n\r\n\r\n\r\n\r\n\r\n\r\n\r\n\r\n\r\n\r\n\r\n<h3 class=\"wp-block-heading\">Premiumqualit\u00e4t, 100 g\/m\u00b2 *<\/h3>\r\n<table style=\"border-collapse: collapse; width: 34.6667%;\">\r\n<tbody>\r\n<tr>\r\n<td style=\"width: 12.6458%; text-align: center;\"><strong>S\/W<\/strong><\/td>\r\n<td style=\"width: 16.7345%; text-align: center;\"><strong>pro Seite<\/strong><\/td>\r\n<\/tr>\r\n<tr>\r\n<td style=\"width: 12.6458%; text-align: center;\">\u00a0DIN A4<\/td>\r\n<td style=\"width: 16.7345%; text-align: center;\">0,15 \u20ac<\/td>\r\n<\/tr>\r\n<tr>\r\n<td style=\"width: 12.6458%; text-align: center;\">\u00a0DIN A3<\/td>\r\n<td style=\"width: 16.7345%; text-align: center;\">0,30 \u20ac<\/td>\r\n<\/tr>\r\n<tr>\r\n<td style=\"width: 12.6458%; text-align: center;\"><strong>Farbe <br \/><\/strong><\/td>\r\n<td style=\"width: 16.7345%; text-align: center;\">\u00a0<\/td>\r\n<\/tr>\r\n<tr>\r\n<td style=\"width: 12.6458%; text-align: center;\">\u00a0DIN A4<\/td>\r\n<td style=\"width: 16.7345%; text-align: center;\">0,40 \u20ac<\/td>\r\n<\/tr>\r\n<tr>\r\n<td style=\"width: 12.6458%; text-align: center;\">\u00a0DIN A3<\/td>\r\n<td style=\"width: 16.7345%; text-align: center;\">0,80 \u20ac<\/td>\r\n<\/tr>\r\n<\/tbody>\r\n<\/table>\r\n\r\n\r\n\r\n<figure class=\"wp-block-table\"><\/figure>\r\n\r\n\r\n\r\n<figure class=\"wp-block-table\">\r\n<table style=\"border-collapse: collapse; width: 100%;\">\r\n<tbody>\r\n<tr>\r\n<td style=\"width: 2.68456%;\">*<\/td>\r\n<td style=\"width: 97.1813%;\">\r\n<p>Schwerere Papiere gegen Aufpreis<\/p>\r\n<\/td>\r\n<\/tr>\r\n<tr>\r\n<td style=\"width: 2.68456%;\">\u00a0<\/td>\r\n<td style=\"width: 97.1813%;\">Bitte beachten Sie: Aufgrund des Einsatzes hochwertiger Produktionsmaschinen, m\u00fcssen wir um Ihr Verst\u00e4ndnis daf\u00fcr bitten, dass die Auswahl leichteren Papiers (80 g\/qm) leider zu keinerlei Preisreduzierung f\u00fchren kann!<\/td>\r\n<\/tr>\r\n<\/tbody>\r\n<\/table>\r\n<\/figure>\r\n","protected":false},"excerpt":{"rendered":"<p>Druck von Abschlussarbeiten Um die best- und schnellstm\u00f6gliche Verarbeitung gew\u00e4hrleisten zu k\u00f6nnen, empfehlen wir, Ihre Arbeit in Originalform (z. B. Word-Datei) und als pdf-Datei (also beide Dateien) mitzubringen. Premiumqualit\u00e4t, 100 g\/m\u00b2 * S\/W pro Seite \u00a0DIN A4 0,15 \u20ac \u00a0DIN A3 0,30 \u20ac Farbe \u00a0 \u00a0DIN A4 0,40 \u20ac \u00a0DIN A3 0,80 \u20ac * Schwerere<\/p><\/div>\n<div class=\"blog-btn\"><a href=\"https:\/\/copyshop-wuppertal.de\/index.php\/druck-von-abschlussarbeiten\/\" class=\"home-blog-btn\">Weiterlesen<\/a><\/p>\n","protected":false},"author":1,"featured_media":0,"parent":0,"menu_order":0,"comment_status":"closed","ping_status":"closed","template":"","meta":{"_monsterinsights_skip_tracking":false,"_monsterinsights_sitenote_active":false,"_monsterinsights_sitenote_note":"","_monsterinsights_sitenote_category":0,"footnotes":""},"class_list":["post-39","page","type-page","status-publish","hentry"],"yoast_head":"<!-- This site is optimized with the Yoast SEO plugin v27.1.1 - https:\/\/yoast.com\/product\/yoast-seo-wordpress\/ -->\n<title>Druck von Abschlussarbeiten - Uniprint<\/title>\n<meta name=\"robots\" content=\"index, follow, max-snippet:-1, max-image-preview:large, max-video-preview:-1\" \/>\n<link rel=\"canonical\" href=\"https:\/\/copyshop-wuppertal.de\/index.php\/druck-von-abschlussarbeiten\/\" \/>\n<meta property=\"og:locale\" content=\"de_DE\" \/>\n<meta property=\"og:type\" content=\"article\" \/>\n<meta property=\"og:title\" content=\"Druck von Abschlussarbeiten - Uniprint\" \/>\n<meta property=\"og:description\" content=\"Druck von Abschlussarbeiten Um die best- und schnellstm\u00f6gliche Verarbeitung gew\u00e4hrleisten zu k\u00f6nnen, empfehlen wir, Ihre Arbeit in Originalform (z. B. Word-Datei) und als pdf-Datei (also beide Dateien) mitzubringen. Premiumqualit\u00e4t, 100 g\/m\u00b2 * S\/W pro Seite \u00a0DIN A4 0,15 \u20ac \u00a0DIN A3 0,30 \u20ac Farbe \u00a0 \u00a0DIN A4 0,40 \u20ac \u00a0DIN A3 0,80 \u20ac * SchwerereWeiterlesen\" \/>\n<meta property=\"og:url\" content=\"https:\/\/copyshop-wuppertal.de\/index.php\/druck-von-abschlussarbeiten\/\" \/>\n<meta property=\"og:site_name\" content=\"Uniprint\" \/>\n<meta property=\"article:modified_time\" content=\"2024-09-06T10:14:04+00:00\" \/>\n<meta property=\"og:image\" content=\"https:\/\/copyshop-wuppertal.de\/wp-content\/uploads\/2020\/06\/xerox-640.png\" \/>\n<meta name=\"twitter:card\" content=\"summary_large_image\" \/>\n<meta name=\"twitter:label1\" content=\"Gesch\u00e4tzte Lesezeit\" \/>\n\t<meta name=\"twitter:data1\" content=\"2\u00a0Minuten\" \/>\n<script type=\"application\/ld+json\" class=\"yoast-schema-graph\">{\"@context\":\"https:\/\/schema.org\",\"@graph\":[{\"@type\":\"WebPage\",\"@id\":\"https:\/\/copyshop-wuppertal.de\/index.php\/druck-von-abschlussarbeiten\/\",\"url\":\"https:\/\/copyshop-wuppertal.de\/index.php\/druck-von-abschlussarbeiten\/\",\"name\":\"Druck von Abschlussarbeiten - Uniprint\",\"isPartOf\":{\"@id\":\"https:\/\/copyshop-wuppertal.de\/#website\"},\"primaryImageOfPage\":{\"@id\":\"https:\/\/copyshop-wuppertal.de\/index.php\/druck-von-abschlussarbeiten\/#primaryimage\"},\"image\":{\"@id\":\"https:\/\/copyshop-wuppertal.de\/index.php\/druck-von-abschlussarbeiten\/#primaryimage\"},\"thumbnailUrl\":\"https:\/\/copyshop-wuppertal.de\/wp-content\/uploads\/2020\/06\/xerox-640.png\",\"datePublished\":\"2020-01-24T13:06:20+00:00\",\"dateModified\":\"2024-09-06T10:14:04+00:00\",\"breadcrumb\":{\"@id\":\"https:\/\/copyshop-wuppertal.de\/index.php\/druck-von-abschlussarbeiten\/#breadcrumb\"},\"inLanguage\":\"de\",\"potentialAction\":[{\"@type\":\"ReadAction\",\"target\":[\"https:\/\/copyshop-wuppertal.de\/index.php\/druck-von-abschlussarbeiten\/\"]}]},{\"@type\":\"ImageObject\",\"inLanguage\":\"de\",\"@id\":\"https:\/\/copyshop-wuppertal.de\/index.php\/druck-von-abschlussarbeiten\/#primaryimage\",\"url\":\"https:\/\/copyshop-wuppertal.de\/wp-content\/uploads\/2020\/06\/xerox-640.png\",\"contentUrl\":\"https:\/\/copyshop-wuppertal.de\/wp-content\/uploads\/2020\/06\/xerox-640.png\",\"width\":638,\"height\":294,\"caption\":\"xerox-640\"},{\"@type\":\"BreadcrumbList\",\"@id\":\"https:\/\/copyshop-wuppertal.de\/index.php\/druck-von-abschlussarbeiten\/#breadcrumb\",\"itemListElement\":[{\"@type\":\"ListItem\",\"position\":1,\"name\":\"Startseite\",\"item\":\"https:\/\/copyshop-wuppertal.de\/\"},{\"@type\":\"ListItem\",\"position\":2,\"name\":\"Druck von Abschlussarbeiten\"}]},{\"@type\":\"WebSite\",\"@id\":\"https:\/\/copyshop-wuppertal.de\/#website\",\"url\":\"https:\/\/copyshop-wuppertal.de\/\",\"name\":\"Uniprint | Copyshop | Copyshop Wuppertal | Uniprint Wuppertal\",\"description\":\"\",\"publisher\":{\"@id\":\"https:\/\/copyshop-wuppertal.de\/#organization\"},\"potentialAction\":[{\"@type\":\"SearchAction\",\"target\":{\"@type\":\"EntryPoint\",\"urlTemplate\":\"https:\/\/copyshop-wuppertal.de\/?s={search_term_string}\"},\"query-input\":{\"@type\":\"PropertyValueSpecification\",\"valueRequired\":true,\"valueName\":\"search_term_string\"}}],\"inLanguage\":\"de\"},{\"@type\":\"Organization\",\"@id\":\"https:\/\/copyshop-wuppertal.de\/#organization\",\"name\":\"Uniprint\",\"url\":\"https:\/\/copyshop-wuppertal.de\/\",\"logo\":{\"@type\":\"ImageObject\",\"inLanguage\":\"de\",\"@id\":\"https:\/\/copyshop-wuppertal.de\/#\/schema\/logo\/image\/\",\"url\":\"https:\/\/www.copyshop-wuppertal.de\/wp-content\/uploads\/2020\/02\/Uniprint-Logo.png\",\"contentUrl\":\"https:\/\/www.copyshop-wuppertal.de\/wp-content\/uploads\/2020\/02\/Uniprint-Logo.png\",\"width\":842,\"height\":378,\"caption\":\"Uniprint\"},\"image\":{\"@id\":\"https:\/\/copyshop-wuppertal.de\/#\/schema\/logo\/image\/\"}}]}<\/script>\n<!-- \/ Yoast SEO plugin. -->","yoast_head_json":{"title":"Druck von Abschlussarbeiten - Uniprint","robots":{"index":"index","follow":"follow","max-snippet":"max-snippet:-1","max-image-preview":"max-image-preview:large","max-video-preview":"max-video-preview:-1"},"canonical":"https:\/\/copyshop-wuppertal.de\/index.php\/druck-von-abschlussarbeiten\/","og_locale":"de_DE","og_type":"article","og_title":"Druck von Abschlussarbeiten - Uniprint","og_description":"Druck von Abschlussarbeiten Um die best- und schnellstm\u00f6gliche Verarbeitung gew\u00e4hrleisten zu k\u00f6nnen, empfehlen wir, Ihre Arbeit in Originalform (z. B. Word-Datei) und als pdf-Datei (also beide Dateien) mitzubringen. Premiumqualit\u00e4t, 100 g\/m\u00b2 * S\/W pro Seite \u00a0DIN A4 0,15 \u20ac \u00a0DIN A3 0,30 \u20ac Farbe \u00a0 \u00a0DIN A4 0,40 \u20ac \u00a0DIN A3 0,80 \u20ac * SchwerereWeiterlesen","og_url":"https:\/\/copyshop-wuppertal.de\/index.php\/druck-von-abschlussarbeiten\/","og_site_name":"Uniprint","article_modified_time":"2024-09-06T10:14:04+00:00","og_image":[{"url":"https:\/\/copyshop-wuppertal.de\/wp-content\/uploads\/2020\/06\/xerox-640.png","type":"","width":"","height":""}],"twitter_card":"summary_large_image","twitter_misc":{"Gesch\u00e4tzte Lesezeit":"2\u00a0Minuten"},"schema":{"@context":"https:\/\/schema.org","@graph":[{"@type":"WebPage","@id":"https:\/\/copyshop-wuppertal.de\/index.php\/druck-von-abschlussarbeiten\/","url":"https:\/\/copyshop-wuppertal.de\/index.php\/druck-von-abschlussarbeiten\/","name":"Druck von Abschlussarbeiten - Uniprint","isPartOf":{"@id":"https:\/\/copyshop-wuppertal.de\/#website"},"primaryImageOfPage":{"@id":"https:\/\/copyshop-wuppertal.de\/index.php\/druck-von-abschlussarbeiten\/#primaryimage"},"image":{"@id":"https:\/\/copyshop-wuppertal.de\/index.php\/druck-von-abschlussarbeiten\/#primaryimage"},"thumbnailUrl":"https:\/\/copyshop-wuppertal.de\/wp-content\/uploads\/2020\/06\/xerox-640.png","datePublished":"2020-01-24T13:06:20+00:00","dateModified":"2024-09-06T10:14:04+00:00","breadcrumb":{"@id":"https:\/\/copyshop-wuppertal.de\/index.php\/druck-von-abschlussarbeiten\/#breadcrumb"},"inLanguage":"de","potentialAction":[{"@type":"ReadAction","target":["https:\/\/copyshop-wuppertal.de\/index.php\/druck-von-abschlussarbeiten\/"]}]},{"@type":"ImageObject","inLanguage":"de","@id":"https:\/\/copyshop-wuppertal.de\/index.php\/druck-von-abschlussarbeiten\/#primaryimage","url":"https:\/\/copyshop-wuppertal.de\/wp-content\/uploads\/2020\/06\/xerox-640.png","contentUrl":"https:\/\/copyshop-wuppertal.de\/wp-content\/uploads\/2020\/06\/xerox-640.png","width":638,"height":294,"caption":"xerox-640"},{"@type":"BreadcrumbList","@id":"https:\/\/copyshop-wuppertal.de\/index.php\/druck-von-abschlussarbeiten\/#breadcrumb","itemListElement":[{"@type":"ListItem","position":1,"name":"Startseite","item":"https:\/\/copyshop-wuppertal.de\/"},{"@type":"ListItem","position":2,"name":"Druck von Abschlussarbeiten"}]},{"@type":"WebSite","@id":"https:\/\/copyshop-wuppertal.de\/#website","url":"https:\/\/copyshop-wuppertal.de\/","name":"Uniprint | Copyshop | Copyshop Wuppertal | Uniprint Wuppertal","description":"","publisher":{"@id":"https:\/\/copyshop-wuppertal.de\/#organization"},"potentialAction":[{"@type":"SearchAction","target":{"@type":"EntryPoint","urlTemplate":"https:\/\/copyshop-wuppertal.de\/?s={search_term_string}"},"query-input":{"@type":"PropertyValueSpecification","valueRequired":true,"valueName":"search_term_string"}}],"inLanguage":"de"},{"@type":"Organization","@id":"https:\/\/copyshop-wuppertal.de\/#organization","name":"Uniprint","url":"https:\/\/copyshop-wuppertal.de\/","logo":{"@type":"ImageObject","inLanguage":"de","@id":"https:\/\/copyshop-wuppertal.de\/#\/schema\/logo\/image\/","url":"https:\/\/www.copyshop-wuppertal.de\/wp-content\/uploads\/2020\/02\/Uniprint-Logo.png","contentUrl":"https:\/\/www.copyshop-wuppertal.de\/wp-content\/uploads\/2020\/02\/Uniprint-Logo.png","width":842,"height":378,"caption":"Uniprint"},"image":{"@id":"https:\/\/copyshop-wuppertal.de\/#\/schema\/logo\/image\/"}}]}},"_links":{"self":[{"href":"https:\/\/copyshop-wuppertal.de\/index.php\/wp-json\/wp\/v2\/pages\/39","targetHints":{"allow":["GET"]}}],"collection":[{"href":"https:\/\/copyshop-wuppertal.de\/index.php\/wp-json\/wp\/v2\/pages"}],"about":[{"href":"https:\/\/copyshop-wuppertal.de\/index.php\/wp-json\/wp\/v2\/types\/page"}],"author":[{"embeddable":true,"href":"https:\/\/copyshop-wuppertal.de\/index.php\/wp-json\/wp\/v2\/users\/1"}],"replies":[{"embeddable":true,"href":"https:\/\/copyshop-wuppertal.de\/index.php\/wp-json\/wp\/v2\/comments?post=39"}],"version-history":[{"count":8,"href":"https:\/\/copyshop-wuppertal.de\/index.php\/wp-json\/wp\/v2\/pages\/39\/revisions"}],"predecessor-version":[{"id":793,"href":"https:\/\/copyshop-wuppertal.de\/index.php\/wp-json\/wp\/v2\/pages\/39\/revisions\/793"}],"wp:attachment":[{"href":"https:\/\/copyshop-wuppertal.de\/index.php\/wp-json\/wp\/v2\/media?parent=39"}],"curies":[{"name":"wp","href":"https:\/\/api.w.org\/{rel}","templated":true}]}}