{"id":8,"date":"2020-01-23T22:28:53","date_gmt":"2020-01-23T22:28:53","guid":{"rendered":"http:\/\/www.copyshop-wuppertal.de\/?page_id=8"},"modified":"2026-04-10T10:04:14","modified_gmt":"2026-04-10T10:04:14","slug":"termin-vereinbarung","status":"publish","type":"page","link":"https:\/\/copyshop-wuppertal.de\/index.php\/termin-vereinbarung\/","title":{"rendered":"Termin Vereinbarung"},"content":{"rendered":"<p>&nbsp;<\/p>\r\n\r\n\r\n\r\n<div>\r\n<p><span style=\"color: #ff0000; font-size: 24pt;\"><strong>&#8212;<\/strong><\/span><\/p>\r\n<\/div>\r\n<div>\r\n<div>\u00a0<\/div>\r\n<div>\u00a0<\/div>\r\n<\/div>\r\n<div>\r\n<p>Hinweis zur Terminbuchung<br \/>Eine Terminbuchung ist besonders bei festen Bindungen (z. B. Hardcover oder Klebebindungen) sowie bei Abschlussarbeiten empfohlen. Bei Gro\u00dfformatdrucken empfehlen wir einen Termin insbesondere bei mehr als zwei Drucken gr\u00f6\u00dfer als DIN A3.<\/p>\r\n<p>Bei Unsicherheiten oder Fragen rufen Sie uns gern an \u2013 wir beraten Sie pers\u00f6nlich.<\/p>\r\n<\/div>\r\n<div><span style=\"font-size: 12pt;\">Nach der Terminvereinbarung, brauchen Sie auf keine Best\u00e4tigung zu warten!<\/span><\/div>\r\n<div>\u00a0<\/div>\r\n<div><span style=\"color: #000000;\"><strong><span style=\"font-size: 12pt;\">Kommen Sie bitte zu Beginn des gebuchten Zeitraums!<\/span><\/strong><\/span><\/div>\r\n<div>\u00a0<\/div>\r\n<div>\r\n<article class=\"text-token-text-primary w-full focus:outline-none [--shadow-height:45px] has-data-writing-block:pointer-events-none has-data-writing-block:-mt-(--shadow-height) has-data-writing-block:pt-(--shadow-height) [&amp;:has([data-writing-block])&gt;*]:pointer-events-auto [content-visibility:auto] supports-[content-visibility:auto]:[contain-intrinsic-size:auto_100lvh] scroll-mt-[calc(var(--header-height)+min(200px,max(70px,20svh)))]\" dir=\"auto\" tabindex=\"-1\" data-turn-id=\"05c4d7f5-1a3f-4460-803f-dbeee82d3d4b\" data-testid=\"conversation-turn-6\" data-scroll-anchor=\"false\" data-turn=\"assistant\">\r\n<div class=\"text-base my-auto mx-auto [--thread-content-margin:--spacing(4)] @w-sm\/main:[--thread-content-margin:--spacing(6)] @w-lg\/main:[--thread-content-margin:--spacing(16)] px-(--thread-content-margin)\">\r\n<div class=\"[--thread-content-max-width:40rem] @w-lg\/main:[--thread-content-max-width:48rem] mx-auto max-w-(--thread-content-max-width) flex-1 group\/turn-messages focus-visible:outline-hidden relative flex w-full min-w-0 flex-col agent-turn\" tabindex=\"-1\">\r\n<div class=\"flex max-w-full flex-col grow\">\r\n<div class=\"min-h-8 text-message relative flex w-full flex-col items-end gap-2 text-start break-words whitespace-normal [.text-message+&amp;]:mt-1\" dir=\"auto\" data-message-author-role=\"assistant\" data-message-id=\"05c4d7f5-1a3f-4460-803f-dbeee82d3d4b\">\r\n<div class=\"flex w-full flex-col gap-1 empty:hidden first:pt-[1px]\">\r\n<div class=\"markdown prose dark:prose-invert w-full break-words dark markdown-new-styling\">\r\n<p data-start=\"0\" data-end=\"165\" data-is-last-node=\"\" data-is-only-node=\"\">\u00a0<\/p>\r\n<\/div>\r\n<\/div>\r\n<\/div>\r\n<\/div>\r\n<div class=\"z-0 flex min-h-[46px] justify-start\">\u00a0<\/div>\r\n<\/div>\r\n<\/div>\r\n<\/article>\r\n<article class=\"text-token-text-primary w-full focus:outline-none [--shadow-height:45px] has-data-writing-block:pointer-events-none has-data-writing-block:-mt-(--shadow-height) has-data-writing-block:pt-(--shadow-height) [&amp;:has([data-writing-block])&gt;*]:pointer-events-auto scroll-mt-(--header-height)\" dir=\"auto\" tabindex=\"-1\" data-turn-id=\"a593f721-a862-4e00-a7dd-b19ac562a022\" data-testid=\"conversation-turn-7\" data-scroll-anchor=\"false\" data-turn=\"user\">\r\n<h5 class=\"sr-only\">\u00a0<\/h5>\r\n<\/article>\r\n<\/div>\r\n<div>\u00a0<\/div>\r\n<div class=\"wp-block-booking-booking\"> <div id=\"form_id513224245160\" class=\"wpbc_container wpbc_form wpbc_container_booking_form \" ><form id=\"booking_form1\" class=\"booking_form vertical\" method=\"post\" action=\"\"><div id=\"ajax_respond_insert1\" class=\"ajax_respond_insert\" style=\"display:none;\"><\/div><a name=\"bklnk1\" id=\"bklnk1\"><\/a><div id=\"booking_form_div1\" class=\"booking_form_div\"><style type=\"text\/css\">.wpbc_container_booking_form .block_hints, .wpbc_booking_form_simple.wpbc_form_center .wpbc__form__div .wpbc__row.wpbc_r_calendar,  .wpbc_booking_form_simple .wpbc__form__div .wpbc__row:not(.wpbc_r_calendar){max-width:440px;} <\/style>\n<div class=\"wpbc_booking_form_simple \">\n    <div class=\"wpbc__form__div\">\n\t<div class=\"wpbc_r_calendar wpbc__row\">\n      <div class=\"wpbc_r_calendar wpbc__field\"> <div class=\"wpbc_calendar_wraper wpbc_change_over_triangle wpbc_calendar_skin_legacy\"><div class=\"wpbc_cal_container bk_calendar_frame wpbc_no_custom_width  months_num_in_row_ cal_month_num_1 wpbc_timeslot_day_bg_as_available\" style=\"\"><div id=\"calendar_booking1\"  class=\"wpbc_calendar_id_1\" >\t<div class=\"calendar_loader_frame calendar_loader_frame1\"\r\n\t\tdata-wpbc-rid=\"1\"\r\n\t\tdata-wpbc-grace=\"8000\"\r\n\t\tstyle=\"--wpbc-loader-cols: 1;\"\r\n\t>\r\n\t\t<div class=\"calendar_loader_text\">Wird geladen...<\/div>\r\n\t\t<div class=\"calendar_loader_frame__progress_line_container\">\r\n\t\t\t<div class=\"calendar_loader_frame__progress_line\"><\/div>\r\n\t\t<\/div>\r\n\t<\/div>\r\n\t<\/div><\/div><div style=\"font-size:7px;text-align:left;margin:0 0 10px;text-shadow: none;\">Powered by <a href=\"https:\/\/wpbookingcalendar.com\" style=\"font-size:7px;\" target=\"_blank\" title=\"Booking Calendar plugin for WordPress\">Booking Calendar<\/a><\/div><textarea id=\"date_booking1\" name=\"date_booking1\" autocomplete=\"off\" style=\"display:none;\"><\/textarea><\/div><\/div>\n\t<\/div>\n\t<div class=\"wpbc__row\">\n      <div class=\"wpbc_r_rangetime wpbc__field\">  <label for=\"rangetime1\">Zeitr\u00e4ume*<\/label><br>   <select name=\"rangetime1\" id=\"rangetime1\" class=\"input-xlarge wpdev-validates-as-required\" >  <option value=\"09:00 - 10:00\" >9:00 Uhr<\/option>  <option value=\"10:00 - 11:00\" >10:00 Uhr<\/option>  <option value=\"11:00 - 12:00\" >11:00 Uhr<\/option>  <option value=\"12:00 - 13:00\" >12:00 Uhr<\/option>  <option value=\"13:00 - 14:00\" >13:00 Uhr<\/option>  <option value=\"14:00 - 15:00\" >14:00 Uhr<\/option>  <option value=\"15:00 - 16:00\" >15:00 Uhr<\/option>  <option value=\"16:00 - 17:00\" >16:00 Uhr<\/option>  <option value=\"17:00 - 18:00\" >17:00 Uhr<\/option>  <option value=\"18:00 - 19:00\" >18:00 Uhr<\/option>     <\/select><\/div>\n\t<\/div>\n\t<div class=\"wpbc__row\">\n      <div class=\"wpbc_r_name wpbc__field\">  <label for=\"name1\">First Name*<\/label><br>   <input type=\"text\" name=\"name1\" id=\"name1\" class=\"input-xlarge wpdev-validates-as-required\" \/><\/div>\n\t<\/div>\n\t<div class=\"wpbc__row\">\n      <div class=\"wpbc_r_secondname wpbc__field\">  <label for=\"secondname1\">Last Name*<\/label><br>   <input type=\"text\" name=\"secondname1\" id=\"secondname1\" class=\"input-xlarge wpdev-validates-as-required\" \/><\/div>\n\t<\/div>\n\t<div class=\"wpbc__row\">\n      <div class=\"wpbc_r_email wpbc__field\">  <label for=\"email1\">Email*<\/label><br>   <input type=\"email\" name=\"email1\" id=\"email1\" class=\"input-xlarge wpdev-validates-as-email wpdev-validates-as-required wpdev-validates-as-required\" \/><\/div>\n\t<\/div>\n\t<div class=\"wpbc__row\">\n      <div class=\"wpbc_r_phone wpbc__field\">  <label for=\"phone1\">Telefon*<\/label><br>   <input type=\"text\" name=\"phone1\" id=\"phone1\" class=\"input-xlarge wpdev-validates-as-required\" \/><\/div>\n\t<\/div>\n\t<div class=\"wpbc__row\">\n      <div class=\"wpbc_r_details wpbc__field\">  <label for=\"details1\">Nachricht*<\/label><br>   <textarea  rows=\"3\" name=\"details1\" id=\"details1\" class=\"input-xlarge wpdev-validates-as-required\" ><\/textarea><\/div>\n\t<\/div>\n\t<div class=\"wpbc__row\">\n      <div class=\"wpbc_r_captcha wpbc__field\"> <\/div>\n\t<\/div>\n\t<div class=\"wpbc__row\">\n      <div class=\"wpbc_r_submit wpbc__field\"> <button class=\"wpbc_button_light\" type=\"button\" onclick=\"wpbc_booking_form_submit(this.form,1,'de_DE');\" >Senden<\/button>\n<\/div>\n\t<\/div>\n    <\/div>\n<\/div><input id=\"bk_type1\" name=\"bk_type1\" class=\"\" type=\"hidden\" value=\"1\" \/><\/div><div id=\"submiting1\"><\/div><div class=\"form_bk_messages\" id=\"form_bk_messages1\" ><\/div><input type=\"hidden\" id=\"wpbc_nonceCALCULATE_THE_COST1\" name=\"wpbc_nonceCALCULATE_THE_COST1\" value=\"59b954a936\" \/><input type=\"hidden\" name=\"_wp_http_referer\" value=\"\/index.php\/wp-json\/wp\/v2\/pages\/8\" \/><\/form><\/div><div id=\"booking_form_garbage1\" class=\"booking_form_garbage\"><\/div>\n<script id=\"wpbc-inline-js-wpbc-dup-calendar-warn-1\" type=\"text\/javascript\">\n(function() { var a = setInterval( function() {  if ( ( 'undefined' === typeof _wpbc ) || ( 'undefined' === typeof jQuery ) || ! window.jQuery ) { return; } clearInterval( a ); jQuery( document ).ready( function (){\njQuery(\".widget_wpdev_booking .booking_form.form-horizontal\").removeClass(\"form-horizontal\");\nvar calendars__on_this_page_list = _wpbc.get_other_param(\"calendars__on_this_page\") || [];\nvar visible_calendars_count = calendars__on_this_page_list.length;\nif (visible_calendars_count !== null) {\n  for (var i=0; i<visible_calendars_count; i++) {\n    if (_wpbc.get_other_param(\"calendars__on_this_page\")[i] === 1) {\n      console.log(\"%c%s\", \"color: #e77; font-weight:bold\", \"Warning! The booking calendar for this resource with the ID = 1 is already on the page. Find more details here: https:\\\/\\\/wpbookingcalendar.com\\\/faq\\\/why-the-booking-calendar-widget-not-show-on-page\\\/\");\n    }\n  }\n  _wpbc.get_other_param(\"calendars__on_this_page\")[visible_calendars_count] = 1;\n};\n} ); }, 500 ); })();\n<\/script>\n <script type=\"text\/javascript\"> (function() { var a = setInterval( function() {  if ( ( 'undefined' === typeof _wpbc ) || ( 'undefined' === typeof jQuery ) || ! window.jQuery ) { return; } clearInterval( a ); jQuery( document ).ready( function (){ _wpbc.balancer__set_max_threads( 3 );  _wpbc.calendar__set_param_value( 1 , 'calendar_scroll_to' , false );  _wpbc.calendar__set_param_value( 1 , 'calendar_dates_start' , \"\" );  _wpbc.calendar__set_param_value( 1 , 'calendar_dates_end'   , \"\" );  _wpbc.calendar__set_param_value( 1 , 'booking_max_monthes_in_calendar' , \"3m\" );  _wpbc.calendar__set_param_value( 1 , 'booking_start_day_weeek' , \"1\" );  _wpbc.calendar__set_param_value( 1 , 'calendar_number_of_months' , \"1\" );  _wpbc.calendar__set_param_value( 1, 'days_select_mode', \"single\" );  _wpbc.calendar__set_param_value( 1, 'fixed__days_num', 0 );  _wpbc.calendar__set_param_value( 1, 'fixed__week_days__start',   [] );  _wpbc.calendar__set_param_value( 1, 'dynamic__days_min', 0 );  _wpbc.calendar__set_param_value( 1, 'dynamic__days_max', 0 );  _wpbc.calendar__set_param_value( 1, 'dynamic__days_specific',    [] );  _wpbc.calendar__set_param_value( 1, 'dynamic__week_days__start', [] );  _wpbc.calendar__set_param_value( 1, 'booking_date_format', \"F j, Y\" );  _wpbc.calendar__set_param_value( 1, 'booking_time_format', \"g:i a\" );  if ( 'function' === typeof ( wpbc__conditions__SAVE_INITIAL__days_selection_params__bm ) ) { wpbc__conditions__SAVE_INITIAL__days_selection_params__bm( 1 ); }  wpbc_calendar_show(\"1\");  _wpbc.set_secure_param('nonce', \"0c34ba9412\");  _wpbc.set_secure_param('user_id', \"0\");  _wpbc.set_secure_param('locale', \"de_DE\");  wpbc_calendar__load_data__ajx({\"resource_id\":1,\"booking_hash\":\"\",\"request_uri\":\"\\\/index.php\\\/wp-json\\\/wp\\\/v2\\\/pages\\\/8\",\"custom_form\":\"standard\",\"aggregate_resource_id_str\":\"\",\"aggregate_type\":\"all\"}); } ); }, 500 ); })();<\/script><\/div>\r\n\r\n\r\n\r\n<p>&nbsp;<\/p>\r\n","protected":false},"excerpt":{"rendered":"<p>&nbsp; &nbsp;<\/p>\n","protected":false},"author":1,"featured_media":0,"parent":0,"menu_order":0,"comment_status":"closed","ping_status":"closed","template":"","meta":{"_monsterinsights_skip_tracking":false,"_monsterinsights_sitenote_active":false,"_monsterinsights_sitenote_note":"","_monsterinsights_sitenote_category":0,"footnotes":""},"class_list":["post-8","page","type-page","status-publish","hentry"],"yoast_head":"<!-- This site is optimized with the Yoast SEO plugin v27.1.1 - https:\/\/yoast.com\/product\/yoast-seo-wordpress\/ -->\n<title>Termin Vereinbarung - Uniprint<\/title>\n<meta name=\"robots\" content=\"index, follow, max-snippet:-1, max-image-preview:large, max-video-preview:-1\" \/>\n<link rel=\"canonical\" href=\"https:\/\/copyshop-wuppertal.de\/index.php\/termin-vereinbarung\/\" \/>\n<meta property=\"og:locale\" content=\"de_DE\" \/>\n<meta property=\"og:type\" content=\"article\" \/>\n<meta property=\"og:title\" content=\"Termin Vereinbarung - Uniprint\" \/>\n<meta property=\"og:description\" content=\"&nbsp; &nbsp;\" \/>\n<meta property=\"og:url\" content=\"https:\/\/copyshop-wuppertal.de\/index.php\/termin-vereinbarung\/\" \/>\n<meta property=\"og:site_name\" content=\"Uniprint\" \/>\n<meta property=\"article:modified_time\" content=\"2026-04-10T10:04:14+00:00\" \/>\n<meta name=\"twitter:card\" content=\"summary_large_image\" \/>\n<meta name=\"twitter:label1\" content=\"Gesch\u00e4tzte Lesezeit\" \/>\n\t<meta name=\"twitter:data1\" content=\"1\u00a0Minute\" \/>\n<script type=\"application\/ld+json\" class=\"yoast-schema-graph\">{\"@context\":\"https:\/\/schema.org\",\"@graph\":[{\"@type\":\"WebPage\",\"@id\":\"https:\/\/copyshop-wuppertal.de\/index.php\/termin-vereinbarung\/\",\"url\":\"https:\/\/copyshop-wuppertal.de\/index.php\/termin-vereinbarung\/\",\"name\":\"Termin Vereinbarung - Uniprint\",\"isPartOf\":{\"@id\":\"https:\/\/copyshop-wuppertal.de\/#website\"},\"datePublished\":\"2020-01-23T22:28:53+00:00\",\"dateModified\":\"2026-04-10T10:04:14+00:00\",\"breadcrumb\":{\"@id\":\"https:\/\/copyshop-wuppertal.de\/index.php\/termin-vereinbarung\/#breadcrumb\"},\"inLanguage\":\"de\",\"potentialAction\":[{\"@type\":\"ReadAction\",\"target\":[\"https:\/\/copyshop-wuppertal.de\/index.php\/termin-vereinbarung\/\"]}]},{\"@type\":\"BreadcrumbList\",\"@id\":\"https:\/\/copyshop-wuppertal.de\/index.php\/termin-vereinbarung\/#breadcrumb\",\"itemListElement\":[{\"@type\":\"ListItem\",\"position\":1,\"name\":\"Startseite\",\"item\":\"https:\/\/copyshop-wuppertal.de\/\"},{\"@type\":\"ListItem\",\"position\":2,\"name\":\"Termin Vereinbarung\"}]},{\"@type\":\"WebSite\",\"@id\":\"https:\/\/copyshop-wuppertal.de\/#website\",\"url\":\"https:\/\/copyshop-wuppertal.de\/\",\"name\":\"Uniprint | Copyshop | Copyshop Wuppertal | Uniprint Wuppertal\",\"description\":\"\",\"publisher\":{\"@id\":\"https:\/\/copyshop-wuppertal.de\/#organization\"},\"potentialAction\":[{\"@type\":\"SearchAction\",\"target\":{\"@type\":\"EntryPoint\",\"urlTemplate\":\"https:\/\/copyshop-wuppertal.de\/?s={search_term_string}\"},\"query-input\":{\"@type\":\"PropertyValueSpecification\",\"valueRequired\":true,\"valueName\":\"search_term_string\"}}],\"inLanguage\":\"de\"},{\"@type\":\"Organization\",\"@id\":\"https:\/\/copyshop-wuppertal.de\/#organization\",\"name\":\"Uniprint\",\"url\":\"https:\/\/copyshop-wuppertal.de\/\",\"logo\":{\"@type\":\"ImageObject\",\"inLanguage\":\"de\",\"@id\":\"https:\/\/copyshop-wuppertal.de\/#\/schema\/logo\/image\/\",\"url\":\"https:\/\/www.copyshop-wuppertal.de\/wp-content\/uploads\/2020\/02\/Uniprint-Logo.png\",\"contentUrl\":\"https:\/\/www.copyshop-wuppertal.de\/wp-content\/uploads\/2020\/02\/Uniprint-Logo.png\",\"width\":842,\"height\":378,\"caption\":\"Uniprint\"},\"image\":{\"@id\":\"https:\/\/copyshop-wuppertal.de\/#\/schema\/logo\/image\/\"}}]}<\/script>\n<!-- \/ Yoast SEO plugin. -->","yoast_head_json":{"title":"Termin Vereinbarung - Uniprint","robots":{"index":"index","follow":"follow","max-snippet":"max-snippet:-1","max-image-preview":"max-image-preview:large","max-video-preview":"max-video-preview:-1"},"canonical":"https:\/\/copyshop-wuppertal.de\/index.php\/termin-vereinbarung\/","og_locale":"de_DE","og_type":"article","og_title":"Termin Vereinbarung - Uniprint","og_description":"&nbsp; &nbsp;","og_url":"https:\/\/copyshop-wuppertal.de\/index.php\/termin-vereinbarung\/","og_site_name":"Uniprint","article_modified_time":"2026-04-10T10:04:14+00:00","twitter_card":"summary_large_image","twitter_misc":{"Gesch\u00e4tzte Lesezeit":"1\u00a0Minute"},"schema":{"@context":"https:\/\/schema.org","@graph":[{"@type":"WebPage","@id":"https:\/\/copyshop-wuppertal.de\/index.php\/termin-vereinbarung\/","url":"https:\/\/copyshop-wuppertal.de\/index.php\/termin-vereinbarung\/","name":"Termin Vereinbarung - Uniprint","isPartOf":{"@id":"https:\/\/copyshop-wuppertal.de\/#website"},"datePublished":"2020-01-23T22:28:53+00:00","dateModified":"2026-04-10T10:04:14+00:00","breadcrumb":{"@id":"https:\/\/copyshop-wuppertal.de\/index.php\/termin-vereinbarung\/#breadcrumb"},"inLanguage":"de","potentialAction":[{"@type":"ReadAction","target":["https:\/\/copyshop-wuppertal.de\/index.php\/termin-vereinbarung\/"]}]},{"@type":"BreadcrumbList","@id":"https:\/\/copyshop-wuppertal.de\/index.php\/termin-vereinbarung\/#breadcrumb","itemListElement":[{"@type":"ListItem","position":1,"name":"Startseite","item":"https:\/\/copyshop-wuppertal.de\/"},{"@type":"ListItem","position":2,"name":"Termin Vereinbarung"}]},{"@type":"WebSite","@id":"https:\/\/copyshop-wuppertal.de\/#website","url":"https:\/\/copyshop-wuppertal.de\/","name":"Uniprint | Copyshop | Copyshop Wuppertal | Uniprint Wuppertal","description":"","publisher":{"@id":"https:\/\/copyshop-wuppertal.de\/#organization"},"potentialAction":[{"@type":"SearchAction","target":{"@type":"EntryPoint","urlTemplate":"https:\/\/copyshop-wuppertal.de\/?s={search_term_string}"},"query-input":{"@type":"PropertyValueSpecification","valueRequired":true,"valueName":"search_term_string"}}],"inLanguage":"de"},{"@type":"Organization","@id":"https:\/\/copyshop-wuppertal.de\/#organization","name":"Uniprint","url":"https:\/\/copyshop-wuppertal.de\/","logo":{"@type":"ImageObject","inLanguage":"de","@id":"https:\/\/copyshop-wuppertal.de\/#\/schema\/logo\/image\/","url":"https:\/\/www.copyshop-wuppertal.de\/wp-content\/uploads\/2020\/02\/Uniprint-Logo.png","contentUrl":"https:\/\/www.copyshop-wuppertal.de\/wp-content\/uploads\/2020\/02\/Uniprint-Logo.png","width":842,"height":378,"caption":"Uniprint"},"image":{"@id":"https:\/\/copyshop-wuppertal.de\/#\/schema\/logo\/image\/"}}]}},"_links":{"self":[{"href":"https:\/\/copyshop-wuppertal.de\/index.php\/wp-json\/wp\/v2\/pages\/8","targetHints":{"allow":["GET"]}}],"collection":[{"href":"https:\/\/copyshop-wuppertal.de\/index.php\/wp-json\/wp\/v2\/pages"}],"about":[{"href":"https:\/\/copyshop-wuppertal.de\/index.php\/wp-json\/wp\/v2\/types\/page"}],"author":[{"embeddable":true,"href":"https:\/\/copyshop-wuppertal.de\/index.php\/wp-json\/wp\/v2\/users\/1"}],"replies":[{"embeddable":true,"href":"https:\/\/copyshop-wuppertal.de\/index.php\/wp-json\/wp\/v2\/comments?post=8"}],"version-history":[{"count":74,"href":"https:\/\/copyshop-wuppertal.de\/index.php\/wp-json\/wp\/v2\/pages\/8\/revisions"}],"predecessor-version":[{"id":866,"href":"https:\/\/copyshop-wuppertal.de\/index.php\/wp-json\/wp\/v2\/pages\/8\/revisions\/866"}],"wp:attachment":[{"href":"https:\/\/copyshop-wuppertal.de\/index.php\/wp-json\/wp\/v2\/media?parent=8"}],"curies":[{"name":"wp","href":"https:\/\/api.w.org\/{rel}","templated":true}]}}